62397 + 169186. Is j a prime number?
True
Suppose 2*p = -4*n + 5626, 4*n - 6588 = 3*p - 977. Let l be ((-478)/(-4))/((-160)/(-640)). Suppose -7*h = -l - n. Is h a composite number?
False
Let k be (1 - -2 - 6)/(3/(-70)). Let n = k + -17. Is n composite?
False
Let c = -78906 + 142703. Is c composite?
True
Suppose 9*c = 3*c + 7434. Let t(d) = -62*d**2 - d - 7. Let j be t(-3). Let z = c - j. Is z a composite number?
False
Let w(n) be the third derivative of 25*n**5/12 + 11*n**4/24 + 31*n**3/6 - 53*n**2 - 1. Is w(-4) a composite number?
False
Let p be (-4)/(-16)*1 - (-1042)/(-8). Let g = p + 85. Is (15/g)/(1/(-69)) a prime number?
True
Let w(q) = -q**3 - q**2 + 29*q + 73. Let h(y) = -22*y + 336. Let g be h(16). Is w(g) prime?
True
Let h(o) = -6*o**3 + 4*o**2 + 11*o + 2. Let p(m) = 0*m**2 - 35 + 27*m - 10*m - m**2. Let j be p(15). Is h(j) a composite number?
False
Suppose 5*x - 5*h - 170295 = 0, -5*h = -11*x + 7*x + 136238. Is x a composite number?
False
Suppose 0 = -4*q - 2*q + 36. Suppose -4*f - 3*z = -13628, -f - q*z + 10*z = -3407. Is f a prime number?
True
Let m(f) = 9*f**2 + 97*f - 905. Is m(45) a composite number?
True
Suppose 0 = 2*l - 2, 569696 = 3*x - 3*l + 157088. Is x a prime number?
True
Let w = 229762 - 103131. Is w prime?
True
Let b(w) = -w**2 - 7*w - 4. Let v be b(-6). Suppose -165*p + 428 = -232. Suppose 5*c = i - p*i + 3421, -5*c = v*i - 3419. Is c a prime number?
True
Suppose -4*y = -x - 18, 2*y - 15 + 11 = 3*x. Is -3 + 3 - (-19893 - y) a prime number?
False
Let w be (-2 - (-8)/3)*(-210)/(-28). Let t be -1*w*(-8)/(-4)*-4. Is (-8)/(t/(-1125)) + 2/2 prime?
False
Let t(o) = -o**3 + 5*o**2 + 7*o - 26. Let r be t(7). Let z = 2842 + r. Is z composite?
False
Suppose -5*s + 4*i + 1591093 = 0, -366510 + 1957599 = 5*s - 2*i. Is s prime?
False
Suppose -c - 3292536 = 15*p - 20*p, 0 = -p - 5*c + 658502. Is p prime?
True
Suppose 3*q - 3043 = -12256. Let b = q + 6309. Is b a composite number?
True
Let k(u) = u - 1. Let r be k(6). Suppose 0 = -3*f - 4*g - 0*g + 1739, g - 5 = 0. Suppose -2*b + 3*s = -604 - f, -2*s - 2937 = -r*b. Is b composite?
False
Is (-4)/((-16)/5797372) + (-36 + -6)/7 prime?
True
Let h(v) = 39624*v**2 + 181*v - 46. Is h(5) a prime number?
False
Let k = 63450 - 13259. Is k prime?
False
Let g(u) = u**2 + 13*u - 9. Let c(a) = -a**3 - 9*a**2 - 5*a + 10. Let b be c(-8). Let w be g(b). Suppose w*y + 182 - 817 = 0. Is y prime?
True
Suppose 4*i - 4*t = 1501290 - 340026, i - 290318 = -t. Is i a composite number?
False
Suppose -4*g + 644208 = -5*v, 24*v = 5*g + 25*v - 805231. Is g composite?
False
Let o be 1 + -4 - (-48)/6. Suppose 0 = -2*a + 3*b + 2339, 3*a - o*b - 5235 = -1727. Is a composite?
False
Let d(x) = 2244*x + 527. Is d(8) prime?
False
Let c(y) = y**3 - 8*y**2 + 6*y + 18. Let a be c(8). Let m = a - 29. Is m a composite number?
False
Let z(q) = q**2 - 58*q - 715. Is z(86) a prime number?
True
Let a be -2*((-6)/12)/((-5)/(-50)). Suppose 5*c - 19155 = -a*c. Is c prime?
True
Let m be (-1577087)/4 + 8/(-160)*5. Is -5 - (-1 + -3 - m/(-37)) a composite number?
True
Suppose -3*b + 203643 = -4*s - 331208, 2*b - s - 356574 = 0. Is b a composite number?
False
Suppose -h + j + 400741 = 0, -4*j + 2*j = 2*h - 801506. Is h a prime number?
False
Let l be -3 + 1 + 3 + (-7)/7. Suppose -h - q = -663, 3*h - 2*q - 2009 = -l*q. Is h a prime number?
False
Let b = -8568 + 19151. Is b a composite number?
True
Suppose -14*w + 7 + 63 = 0. Suppose 4 = m + w*j - 3, -3*m + 3*j = 15. Is 2*((-26)/4*-71 - m) a composite number?
False
Let j = -119 - -220. Let s(o) = -82*o + 238. Let a be s(-6). Suppose a = p + j. Is p prime?
False
Let w = 38351 + 44336. Is w a prime number?
False
Is (453630/(-25))/(-3)*(-4 - 39/(-6)) a prime number?
True
Let l be -8 + 1512/49 - (-1)/7. Suppose 28 = h + l. Is 34812/15 - (-1)/h prime?
False
Let k(x) be the first derivative of 330*x**2 + 7*x - 2. Let u be k(1). Let v = u - 414. Is v prime?
False
Let z(u) = 135*u**3 + 7*u**2 + 53*u - 304. Is z(5) composite?
False
Let x(u) be the second derivative of -7*u**5/20 - u**4/6 - u**3 - 2*u**2 - 19*u. Let i = -6 - -1. Is x(i) a prime number?
False
Let g = 10 + -8. Suppose g*p + 6*n - n = 1269, -p + 4*n = -641. Let i = p - 318. Is i composite?
True
Suppose -10*v - 2*q + 6 = -7*v, -4*v + 5*q = -31. Suppose 0 = p - v*d - 5941, 5*p + 0*p = -5*d + 29655. Is p a composite number?
True
Is 281/(-3934) + (-964223)/(-14) prime?
False
Is (-10)/(-7 + -23)*1941 a composite number?
False
Let n(b) = -b**3 + 6*b**2 + 10*b - 12. Let t be n(7). Suppose -10 = t*l - 4*l. Is 34*6 - (l - -1) a prime number?
False
Let j be 255/(-10)*300/(-9). Let v be (-4)/(-3) + j/(-30). Is 1310/40*(1 - v) prime?
False
Suppose -3*f + 9624 = -3*q, -16*q + 16020 = 5*f - 17*q. Is f composite?
False
Is (93645/20 - 12)/((-6)/(-8)) composite?
True
Let g(r) = -r**3 - 12*r**2 + 3. Let u be g(-12). Suppose 0 = 2*b - u*b + 555. Suppose -2*p - b = -5*p. Is p prime?
False
Suppose 22 = c + 4. Suppose 4*f - f - c = 0. Suppose f*l - 601 = 113. Is l composite?
True
Suppose 3*k - 10*g = -6*g + 10680, 0 = -4*k + 2*g + 14230. Let p = 5403 - k. Is p a prime number?
True
Let c(n) = -n**2 - n + 1. Let f(y) = -9*y + 12. Let z(d) = c(d) - f(d). Let b be z(3). Suppose 0 = 3*j - 2*p - 457, -5*p + 571 = b*j - 0*p. Is j prime?
True
Suppose 1638 = 2*b - 0*k + 4*k, 0 = -b + 2*k + 807. Suppose -4*h + 2220 = -10*h. Let d = h + b. Is d prime?
True
Let h(r) = -22*r + 16. Let t be h(-14). Let q = -242 + t. Is q prime?
False
Let z(n) = -256*n**2 + 4*n + 10. Let b be z(3). Let c = -8842 - -13177. Let v = c + b. Is v a prime number?
True
Suppose -10*q = -17*q + 11179. Suppose 180 = -3*h + 4*n - q, 2*h = 2*n - 1188. Let a = -300 - h. Is a a composite number?
True
Suppose 0 = -2*v + 4*t + 38770 + 11826, 5*t + 50601 = 2*v. Is (v/6 - -5)/((-1)/(-3)) composite?
False
Let n(b) be the second derivative of 45*b**5/2 + 7*b**4/12 - 7*b**3/6 + b**2/2 - 212*b. Is n(3) a composite number?
True
Let o = -406 - -416. Suppose 0 = -o*b - 39322 + 194592. Is b prime?
True
Suppose -2163*g - 15 = -2168*g. Let j = -6 - -9. Suppose g*w - 6*w = n - 269, -w - j*n = -95. Is w composite?
False
Let d = -79 - -81. Let h be (3*-1)/(15/13670) - d. Let r = -1487 - h. Is r a composite number?
False
Let u(g) = g**3 - 23*g**2 - 8*g + 287. Is u(33) a prime number?
False
Is (-36)/(-12)*((-34568)/12)/(-2) prime?
False
Let z(m) = 34*m**2 - 9*m - 20. Let d(i) = -i**2 + 1. Let y(t) = -4*d(t) + z(t). Is y(9) composite?
True
Let s = 82 - 75. Suppose 2*c + 2*r + s = 3*c, -4*c + 5*r = -28. Suppose 8*g = c*g + 583. Is g prime?
False
Suppose -123*u = -114*u - 191790. Suppose -2*k - 2*l + u = 2*k, 10659 = 2*k + 5*l. Is k a prime number?
False
Suppose 4*t - 2*t - 28 = -3*a, 3*t - 3 = 2*a. Suppose -2*x + 0*x + 366 = 0. Suppose a*s - 39 = x. Is s a prime number?
True
Let o(b) = 409*b**3 - 4*b**2 - 3*b + 4. Let i be o(2). Let n be 1/((-2)/(-6)) - i. Is (n/5)/((-2)/10) composite?
False
Let y = -293 - -298. Suppose 4*q = 16, -4*q = y*p - q - 3527. Is p a prime number?
False
Let h(s) = 3*s**3 - s**2 - 30*s + 76189. Is h(0) a prime number?
False
Let x(k) = 35761*k - 893. Is x(4) a prime number?
True
Suppose n + 40 = 6*n. Let a(g) = 2*g**3 - 9*g**2 + 10*g - 20. Let r be a(n). Suppose 2*x + 110 = r. Is x a composite number?
False
Let y = 15336 + 1265. Is y a prime number?
False
Let z = 31792 + -18608. Let o = z + -3313. Is o composite?
False
Let u be ((-40)/(-3))/((-3)/(-27)). Suppose 2*z - u = 5*r, r + 2*r + 5*z + 103 = 0. Is (-76517)/(-91) + (-4)/r prime?
False
Let f(k) = 25*k - 96. Let j be f(4). Suppose 19742 = 2*b - g, 5*b + 7*g - j*g = 49355. Is b prime?
True
Let v be ((-5 + 4)*0)/(-1). Suppose -9*x + x = v. Suppose 2*w - 134 = -x*w. Is w composite?
False
Suppose -5*s + 3*s = -18. Suppose 57 - s = i. Suppose 0*n = -2*n + 4, 4*n = 4*a - i. Is a a prime number?
False
Is 37/(-4) + 9 - (1 + 4950025/(-4)) a composite number?
True
Let u = -11637 + 21899. Suppose -20*k + u = -13*k. Is k composite?
True
Suppose 136*b - 137*b + 5*d = -13, 2*b + d - 48 = 0. Suppose 26*h - b*h = 9, 0 = -2*p - 4*h + 14194. Is p composite?
True
Suppose -2*f + 90236 = c - 6*f, 360957 = 4*c - 3*f. Is (c/8)/1 + 3/1 prime?
False
Let f = 20 + 2. Let z be f/(-44) + (6/4 - -1). Suppose 4655 - 1381 = z*p. Is p prime?
True
Suppose -807*c + 432*c = -